, what is 7 + -29c?
-295
In base 9, what is -1455 + 2?
-1453
In base 8, what is 33 + -3?
30
In base 13, what is 1 - -11?
12
In base 10, what is 11 + -25?
-14
In base 11, what is -a + -8?
-17
In base 16, what is 5 + 0?
5
In base 3, what is -12 + 2122?
2110
In base 2, what is -10 + 10010?
10000
In base 9, what is 186 + -3?
183
In base 7, what is 2 - -440?
442
In base 5, what is 0 + 3322?
3322
In base 6, what is 0 - -403?
403
In base 12, what is -140 - -3?
-139
In base 13, what is -76 - 3?
-79
In base 2, what is 100011001010001 - 11?
100011001001110
In base 14, what is 2c - 5?
27
In base 14, what is 0 + b25?
b25
In base 6, what is -2411 + -5?
-2420
In base 6, what is -35 - 153?
-232
In base 16, what is -8 - 2?
-a
In base 9, what is 3 - 2113?
-2110
In base 4, what is -200221 + -3?
-200230
In base 2, what is 1010101 + -1000010?
10011
In base 11, what is -6a + -1?
-70
In base 3, what is -120 + 0?
-120
In base 9, what is -3 - -332?
328
In base 14, what is 69 + 1?
6a
In base 15, what is 265 - -b?
271
In base 12, what is -8 - -943?
937
In base 3, what is -10212 - -1120?
-2022
In base 4, what is 13203 + -11?
13132
In base 12, what is 15 - 67?
-52
In base 11, what is 174 - 37?
138
In base 11, what is 0 + 13?
13
In base 11, what is 2 + 349?
350
In base 7, what is 2 - 4634?
-4632
In base 7, what is 10 + -131?
-121
In base 12, what is -21 - 26?
-47
In base 15, what is -bd + -5?
-c3
In base 11, what is -83 + -a?
-92
In base 5, what is 1301 - 1?
1300
In base 11, what is 23 - 45?
-22
In base 15, what is 0 + -3a0?
-3a0
In base 10, what is -4 - 542?
-546
In base 13, what is 22 + 6?
28
In base 12, what is 3 + 210?
213
In base 12, what is 10 + -2?
a
In base 5, what is -310 - 1?
-311
In base 8, what is -225 + 5?
-220
In base 8, what is -13057 - 0?
-13057
In base 7, what is -31532 + 5?
-31524
In base 16, what is 6b - c?
5f
In base 6, what is -1153 - -14?
-1135
In base 6, what is 14423 - -3?
14430
In base 2, what is 1 + -1111011?
-1111010
In base 5, what is -112302 - -1?
-112301
In base 5, what is 4 + -1010?
-1001
In base 16, what is -43b + -2?
-43d
In base 3, what is 121 + 2221?
10112
In base 12, what is -6ba7 + 3?
-6ba4
In base 10, what is -65 - 0?
-65
In base 11, what is -59 - 24?
-82
In base 10, what is 45054 + 3?
45057
In base 7, what is -1 - -10355?
10354
In base 3, what is -20120212 - -11?
-20120201
In base 16, what is 51 + 6?
57
In base 13, what is 1 + -571?
-570
In base 10, what is -1 + 4061?
4060
In base 11, what is -38 + 5?
-33
In base 10, what is 0 + 39?
39
In base 5, what is 314 - 2?
312
In base 10, what is 3 + 11?
14
In base 16, what is -5 - 675?
-67a
In base 8, what is 0 - -663?
663
In base 8, what is -106 + 75?
-11
In base 10, what is -23 - 207?
-230
In base 14, what is 19 - -30?
49
In base 12, what is 1b3 - 2?
1b1
In base 13, what is -33 + 8?
-28
In base 4, what is -13 - -2110?
2031
In base 10, what is -89 - -1?
-88
In base 2, what is -100111 + -11001?
-1000000
In base 10, what is -1742 + 0?
-1742
In base 15, what is 2 - 42c?
-42a
In base 9, what is -3 + -670?
-673
In base 9, what is -3 + 33?
30
In base 12, what is -3 - b33?
-b36
In base 8, what is -5 + -1135?
-1142
In base 7, what is 3 - -253?
256
In base 6, what is 1 + 555?
1000
In base 12, what is -661 - 4?
-665
In base 7, what is -1 - -453?
452
In base 10, what is 8 + 45?
53
In base 15, what is -5815 - -4?
-5811
In base 14, what is -3 + -19?
-1c
In base 4, what is -1 + 30?
23
In base 13, what is 9 + 17?
23
In base 16, what is -5 + f93?
f8e
In base 14, what is 2 - -13?
15
In base 8, what is 210 - 2?
206
In base 10, what is 81 + -10?
71
In base 7, what is -5 - 30?
-35
In base 4, what is 213 - -2?
221
In base 10, what is -102 + -1?
-103
In base 4, what is -120130 - 10?
-120200
In base 7, what is -26 - 110?
-136
In base 3, what is 1 - -101?
102
In base 5, what is -2234104 - 4?
-2234113
In base 15, what is -45 - -2?
-43
In base 6, what is -144 - -104?
-40
In base 15, what is 3 + 4?
7
In base 10, what is -36 + -12?
-48
In base 11, what is 14 + -2?
12
In base 9, what is 58 - 0?
58
In base 10, what is -3 + -301?
-304
In base 7, what is -2 + -61?
-63
In base 14, what is 8dc + 1?
8dd
In base 4, what is 2 + 130313?
130321
In base 4, what is -2 + -210?
-212
In base 11, what is 0 - -62?
62
In base 9, what is -2 - -4266?
4264
In base 14, what is 1 + 5c6?
5c7
In base 11, what is 166a - -2?
1671
In base 7, what is 0 + -5301?
-5301
In base 2, what is -101 + 1010110001?
1010101100
In base 6, what is 400 - 5?
351
In base 16, what is 26b + -1d?
24e
In base 3, what is -10021 - 10?
-10101
In base 16, what is 29 - -b2?
db
In base 8, what is -40 - -4?
-34
In base 10, what is -120 - -12?
-108
In base 15, what is -2 + 30c?
30a
In base 10, what is -645 - 1?
-646
In base 2, what is -11001100110001 + 0?
-11001100110001
In base 13, what is 2cc + -3?
2c9
In base 5, what is 102224 - 0?
102224
In base 3, what is -2121 + 0?
-2121
In base 3, what is -1222 - -2?
-1220
In base 15, what is 2408 + 0?
2408
In base 13, what is 2 + 30?
32
In base 13, what is -67 - -4?
-63
In base 3, what is 20000 + 110?
20110
In base 14, what is -491 + -6?
-497
In base 8, what is 2 + -1224?
-1222
In base 2, what is -10000 - -1011111?
1001111
In base 15, what is -1 - -245?
244
In base 6, what is 3 - 1?
2
In base 10, what is -14 + -34?
-48
In base 10, what is -2 + -104?
-106
In base 10, what is 103 + -3?
100
In base 13, what is 42b + -1?
42a
In base 9, what is -5 - -111?
105
In base 8, what is -21 - -532?
511
In base 10, what is 1 - -8?
9
In base 16, what is -75d - 7?
-764
In base 12, what is 1 + 35?
36
In base 8, what is -5 - -10354?
10347
In base 8, what is -1 - 20?
-21
In base 6, what is 1 - 1411?
-1410
In base 11, what is -1132a - 3?
-11332
In base 2, what is 10 - 10110?
-10100
In base 7, what is 56 + 100?
156
In base 4, what is -12 - -12?
0
In base 11, what is -11 + 1?
-10
In base 15, what is 1 - -ac?
ad
In base 14, what is -c7 + -3?
-ca
In base 8, what is 5 + -227?
-222
In base 13, what is 2 - 6a?
-68
In base 4, what is -13213 - -3?
-13210
In base 2, what is 0 + 101010110?
101010110
In base 3, what is 1120 - -10?
1200
In base 16, what is 1b2 + 5?
1b7
In base 7, what is -240 - 2?
-242
In base 14, what is -5 + -182d?
-1834
In base 9, what is -2 + 582?
580
In base 16, what is -3 - 57?
-5a
In base 15, what is 0 + 5a?
5a
In base 3, what is 1201 - -11221?
20122
In base 6, what is 503 - -4?
511
In base 11, what is 2a + 76?
a5
In base 9, what is -1 + 763?
762
In base 4, what is 111313 + -1?
111312
In base 5, what is -104 - -21?
-33
In base 13, what is 86 - -8?
91
In base 2, what is 11111001 - 100111?
11010010
In base 13, what is 11b77 + -4?
11b73
In base 9, what is 41 + -33?
7
In base 6, what is 20 + 110?
130
In base 4, what is -2300 + 22?
-2212
In base 6, what is 12 + 15?
31
In base 15, what is -d3 - -5?
-cd
In base 3, what is 12011 + 10022?
22110
In base 14, what is 43 - 4?
3d
In base 10, what is 8 - 162?
-154
In base 8, what is 5 - 3044?
-3037
In base 15, what is b + -b?
0
In base 8, what is -534 - -1?
-533
In base 11, what is -132 + -1?
-133
In base 10, what is -626 + -5?
-631
In base 16, what is -1e4 - 5?
-1e9
In base 2, what is -10 - 1101010110?
-1101011000
In base 3, what is -2 + 2022120?
2022111
In base 4, what is -2 - -1021?
1013
In base 4, what is -3033 + 11?
-3022
In base 16, what is 1c - -1e?
3a
In base 5, what is -11 + 4132?
4121
In base 3, what is -21000 - -1111?
-12112
In base 8, what is 2263 - 0?
2263
In base 2, what is 111110 - 100111?
10111
In base 9, what is -10 + -1547?
-1557
In base 16, what is 163 + 3?
166
In base 7, what is 0 + 65?
65
In base 11, what is -5 + 22?
18
In base 7, what is 205 - -4?
212
In base 12, what is -14 - 1139?
-1151
In base 13, what is 26c - -1c?
28b
In base 10, what is -105 - -5?
-100
In base 12, what is -7 + 15?
a
In base 10, what is 6 - -641?
647
In base 7, what is 4 + 42?
46
In base 10, what is -4 + -74?
-78
In base 16, what is 3 - b6f?
-b6c
In base 8, what is 13 + 405?
420
In base 5, what is 10400 + 10?
10410
In base 5, what is 1 + 13330?
13331
In base 10, what is -598 - 1?
-599
In base 8, what is -2 + -570?
-572
In base 2, what is 101011 - 1100?
11111
In base 13, what is 578 + 3?
57b
In base 2, what is 100 - -111110?
1000010
In base 9, what is 35 - -531?
566
In base 2, what is 10010 + -10001?
1
In base 6,